{"id":2160,"date":"2024-04-24T07:07:52","date_gmt":"2024-04-24T07:07:52","guid":{"rendered":"https:\/\/designingmedia.com\/lawfinity\/?page_id=2160"},"modified":"2024-06-12T20:26:33","modified_gmt":"2024-06-12T18:26:33","slug":"civil","status":"publish","type":"page","link":"https:\/\/abogadosdepatrimonio.es\/?page_id=2160","title":{"rendered":"Derecho Civil"},"content":{"rendered":"\t\t<div data-elementor-type=\"wp-page\" data-elementor-id=\"2160\" class=\"elementor elementor-2160\">\n\t\t\t\t<div class=\"elementor-element elementor-element-7de839c7 e-flex e-con-boxed e-con e-parent\" data-id=\"7de839c7\" data-element_type=\"container\">\n\t\t\t\t\t<div class=\"e-con-inner\">\n\t\t<div class=\"elementor-element elementor-element-42498966 e-con-full e-flex e-con e-child\" data-id=\"42498966\" data-element_type=\"container\">\n\t\t\t\t<div class=\"elementor-element elementor-element-642601fc elementor-widget elementor-widget-heading\" data-id=\"642601fc\" data-element_type=\"widget\" data-widget_type=\"heading.default\">\n\t\t\t\t<div class=\"elementor-widget-container\">\n\t\t\t<style>\/*! elementor - v3.21.0 - 26-05-2024 *\/\n.elementor-heading-title{padding:0;margin:0;line-height:1}.elementor-widget-heading .elementor-heading-title[class*=elementor-size-]>a{color:inherit;font-size:inherit;line-height:inherit}.elementor-widget-heading .elementor-heading-title.elementor-size-small{font-size:15px}.elementor-widget-heading .elementor-heading-title.elementor-size-medium{font-size:19px}.elementor-widget-heading .elementor-heading-title.elementor-size-large{font-size:29px}.elementor-widget-heading .elementor-heading-title.elementor-size-xl{font-size:39px}.elementor-widget-heading .elementor-heading-title.elementor-size-xxl{font-size:59px}<\/style><div class=\"elementor-heading-title elementor-size-default\">Remote<\/div>\t\t<\/div>\n\t\t\t\t<\/div>\n\t\t\t\t<div class=\"elementor-element elementor-element-1cadf005 elementor-widget elementor-widget-heading\" data-id=\"1cadf005\" data-element_type=\"widget\" data-widget_type=\"heading.default\">\n\t\t\t\t<div class=\"elementor-widget-container\">\n\t\t\t<h2 class=\"elementor-heading-title elementor-size-default\">EFICACIA PROFESIONAL<\/h2>\t\t<\/div>\n\t\t\t\t<\/div>\n\t\t\t\t<div class=\"elementor-element elementor-element-5161b9b elementor-widget elementor-widget-text-editor\" data-id=\"5161b9b\" data-element_type=\"widget\" data-widget_type=\"text-editor.default\">\n\t\t\t\t<div class=\"elementor-widget-container\">\n\t\t\t<style>\/*! elementor - v3.21.0 - 26-05-2024 *\/\n.elementor-widget-text-editor.elementor-drop-cap-view-stacked .elementor-drop-cap{background-color:#69727d;color:#fff}.elementor-widget-text-editor.elementor-drop-cap-view-framed .elementor-drop-cap{color:#69727d;border:3px solid;background-color:transparent}.elementor-widget-text-editor:not(.elementor-drop-cap-view-default) .elementor-drop-cap{margin-top:8px}.elementor-widget-text-editor:not(.elementor-drop-cap-view-default) .elementor-drop-cap-letter{width:1em;height:1em}.elementor-widget-text-editor .elementor-drop-cap{float:left;text-align:center;line-height:1;font-size:50px}.elementor-widget-text-editor .elementor-drop-cap-letter{display:inline-block}<\/style>\t\t\t\t<p>Nos gusta nuestro trabajo, caracteriz\u00e1ndonos por prestar un servicio personal, \u00fatil y eficaz.<\/p>\t\t\t\t\t\t<\/div>\n\t\t\t\t<\/div>\n\t\t\t\t<\/div>\n\t\t<div class=\"elementor-element elementor-element-1c694eb e-con-full e-flex e-con e-child\" data-id=\"1c694eb\" data-element_type=\"container\">\n\t\t\t\t<div class=\"elementor-element elementor-element-259e3239 elementor-widget elementor-widget-heading\" data-id=\"259e3239\" data-element_type=\"widget\" data-widget_type=\"heading.default\">\n\t\t\t\t<div class=\"elementor-widget-container\">\n\t\t\t<h4 class=\"elementor-heading-title elementor-size-default\">Derecho de Familia:<\/h4>\t\t<\/div>\n\t\t\t\t<\/div>\n\t\t\t\t<div class=\"elementor-element elementor-element-3b45c73 elementor-widget elementor-widget-text-editor\" data-id=\"3b45c73\" data-element_type=\"widget\" data-widget_type=\"text-editor.default\">\n\t\t\t\t<div class=\"elementor-widget-container\">\n\t\t\t\t\t\t\t<p><span class=\"fs12lh1-5 cf1\">\u00a0Un servicio de abogados con experiencia en derecho de familia y especializado en esta \u00e1rea del derecho. Nuestros abogados est\u00e1n dispuestos a escuchar tus necesidades y preocupaciones.<\/span><\/p>\t\t\t\t\t\t<\/div>\n\t\t\t\t<\/div>\n\t\t\t\t<div class=\"elementor-element elementor-element-25de6743 elementor-widget elementor-widget-text-editor\" data-id=\"25de6743\" data-element_type=\"widget\" data-widget_type=\"text-editor.default\">\n\t\t\t\t<div class=\"elementor-widget-container\">\n\t\t\t\t\t\t\t<p>Ofrecemos al cliente un\u00a0<strong>asesoramiento integral y profesional durante todo el proceso hereditario<\/strong>: Tramitaci\u00f3n de herencias, liquidaci\u00f3n de impuestos, testamentos, planificaci\u00f3n de sucesiones, b\u00fasqueda de herederos, litigios de sucesiones, conflicto entre familiares\u2026<\/p>\t\t\t\t\t\t<\/div>\n\t\t\t\t<\/div>\n\t\t\t\t<div class=\"elementor-element elementor-element-3206731c elementor-widget elementor-widget-heading\" data-id=\"3206731c\" data-element_type=\"widget\" data-widget_type=\"heading.default\">\n\t\t\t\t<div class=\"elementor-widget-container\">\n\t\t\t<h4 class=\"elementor-heading-title elementor-size-default\">Reclamaci\u00f3n Deuda:<\/h4>\t\t<\/div>\n\t\t\t\t<\/div>\n\t\t\t\t<div class=\"elementor-element elementor-element-4075808f elementor-widget elementor-widget-text-editor\" data-id=\"4075808f\" data-element_type=\"widget\" data-widget_type=\"text-editor.default\">\n\t\t\t\t<div class=\"elementor-widget-container\">\n\t\t\t\t\t\t\t<p>Servicio que se encarga de gestionar y recuperar las deudas que una persona o empresa tiene pendientes de pago.<\/p>\t\t\t\t\t\t<\/div>\n\t\t\t\t<\/div>\n\t\t\t\t<div class=\"elementor-element elementor-element-78618b04 elementor-widget elementor-widget-text-editor\" data-id=\"78618b04\" data-element_type=\"widget\" data-widget_type=\"text-editor.default\">\n\t\t\t\t<div class=\"elementor-widget-container\">\n\t\t\t\t\t\t\t<p>Este servicio puede ser muy \u00fatil para empresas que desean evitar el riesgo de impagos y mantener sus finanzas estables.<\/p>\t\t\t\t\t\t<\/div>\n\t\t\t\t<\/div>\n\t\t\t\t<div class=\"elementor-element elementor-element-309097d7 elementor-widget elementor-widget-heading\" data-id=\"309097d7\" data-element_type=\"widget\" data-widget_type=\"heading.default\">\n\t\t\t\t<div class=\"elementor-widget-container\">\n\t\t\t<h4 class=\"elementor-heading-title elementor-size-default\">Deshaucios:\n<\/h4>\t\t<\/div>\n\t\t\t\t<\/div>\n\t\t\t\t<div class=\"elementor-element elementor-element-1db254a elementor-widget elementor-widget-text-editor\" data-id=\"1db254a\" data-element_type=\"widget\" data-widget_type=\"text-editor.default\">\n\t\t\t\t<div class=\"elementor-widget-container\">\n\t\t\t\t\t\t\t<p>Trabajamos para ayudar a nuestros clientes a llegar a una soluci\u00f3n acordada del conflicto y evitar un pleito judicial entre entre inquilinos y caseros derivados del incumplimiento de un contrato de arrendamiento. Finalmente si no es posible la recuperaci\u00f3n de la vivienda en v\u00eda amistosa damos comienzo a la v\u00eda judicial.<\/p>\t\t\t\t\t\t<\/div>\n\t\t\t\t<\/div>\n\t\t\t\t<div class=\"elementor-element elementor-element-43f3c431 elementor-widget elementor-widget-heading\" data-id=\"43f3c431\" data-element_type=\"widget\" data-widget_type=\"heading.default\">\n\t\t\t\t<div class=\"elementor-widget-container\">\n\t\t\t<h4 class=\"elementor-heading-title elementor-size-default\">Embargos:<\/h4>\t\t<\/div>\n\t\t\t\t<\/div>\n\t\t\t\t<div class=\"elementor-element elementor-element-1d34110 elementor-widget elementor-widget-text-editor\" data-id=\"1d34110\" data-element_type=\"widget\" data-widget_type=\"text-editor.default\">\n\t\t\t\t<div class=\"elementor-widget-container\">\n\t\t\t\t\t\t\t<p>Las situaciones de endeudamiento o ejecuci\u00f3n hipotecaria pueden ser urgentes y necesitar una respuesta r\u00e1pida, por lo que es importante contar con un servicio de abogados que sea r\u00e1pido y eficaz en la resoluci\u00f3n de los tr\u00e1mites.\u00a0<\/p>\t\t\t\t\t\t<\/div>\n\t\t\t\t<\/div>\n\t\t\t\t<div class=\"elementor-element elementor-element-c90485b elementor-widget elementor-widget-text-editor\" data-id=\"c90485b\" data-element_type=\"widget\" data-widget_type=\"text-editor.default\">\n\t\t\t\t<div class=\"elementor-widget-container\">\n\t\t\t\t\t\t\t<p>Esto significa que los abogados estar\u00e1n dispuestos a trabajar arduamente para buscar soluciones efectivas para resolver la situaci\u00f3n lo antes posible.<\/p>\t\t\t\t\t\t<\/div>\n\t\t\t\t<\/div>\n\t\t\t\t<\/div>\n\t\t\t\t\t<\/div>\n\t\t\t\t<\/div>\n\t\t\t\t<\/div>\n\t\t","protected":false},"excerpt":{"rendered":"<p>Remote EFICACIA PROFESIONAL Nos gusta nuestro trabajo, caracteriz\u00e1ndonos por prestar un servicio personal, \u00fatil y eficaz. Derecho de Familia: \u00a0Un servicio de abogados con experiencia en derecho de familia y especializado en esta \u00e1rea del derecho. Nuestros abogados est\u00e1n dispuestos a escuchar tus necesidades y preocupaciones. Ofrecemos al cliente un\u00a0asesoramiento integral y profesional durante todo [&hellip;]<\/p>\n","protected":false},"author":2,"featured_media":0,"parent":0,"menu_order":0,"comment_status":"closed","ping_status":"closed","template":"elementor_header_footer","meta":{"footnotes":""},"class_list":["post-2160","page","type-page","status-publish","hentry"],"_links":{"self":[{"href":"https:\/\/abogadosdepatrimonio.es\/index.php?rest_route=\/wp\/v2\/pages\/2160","targetHints":{"allow":["GET"]}}],"collection":[{"href":"https:\/\/abogadosdepatrimonio.es\/index.php?rest_route=\/wp\/v2\/pages"}],"about":[{"href":"https:\/\/abogadosdepatrimonio.es\/index.php?rest_route=\/wp\/v2\/types\/page"}],"author":[{"embeddable":true,"href":"https:\/\/abogadosdepatrimonio.es\/index.php?rest_route=\/wp\/v2\/users\/2"}],"replies":[{"embeddable":true,"href":"https:\/\/abogadosdepatrimonio.es\/index.php?rest_route=%2Fwp%2Fv2%2Fcomments&post=2160"}],"version-history":[{"count":4,"href":"https:\/\/abogadosdepatrimonio.es\/index.php?rest_route=\/wp\/v2\/pages\/2160\/revisions"}],"predecessor-version":[{"id":2901,"href":"https:\/\/abogadosdepatrimonio.es\/index.php?rest_route=\/wp\/v2\/pages\/2160\/revisions\/2901"}],"wp:attachment":[{"href":"https:\/\/abogadosdepatrimonio.es\/index.php?rest_route=%2Fwp%2Fv2%2Fmedia&parent=2160"}],"curies":[{"name":"wp","href":"https:\/\/api.w.org\/{rel}","templated":true}]}}